ppose 158 = g + 3*g - u*d, 2*g = -2*d + 70. List the prime factors of g.
37
Let j = 30 - 1. Suppose 0 = -5*b + j + 21. List the prime factors of b.
2, 5
Suppose 4*r + 12 = 4*g, -3*g - 30 = -5*g - 4*r. Let c(l) = 9. Let t(u) = u + 18. Let p(d) = -9*c(d) + 4*t(d). What are the prime factors of p(g)?
19
Let z = -160 + 196. Suppose 3*u - 102 = -2*v, 3*u + 3*v - 46 - 59 = 0. Suppose 2*r = z + u. List the prime factors of r.
2, 17
Let l(s) = -s**3 - 7*s**2 - 8*s - 8. Let z be l(-7). Suppose 2*i - 100 = q + 3*q, 4*i = 0. Let j = z + q. What are the prime factors of j?
23
Let c be 1 - ((1 - -1) + -32). Let b be (-8)/(-28) + 1/(14/(-102)). Let x = c + b. List the prime factors of x.
2, 3
Let b = 44 + -23. Suppose 89 = 2*y + b. List the prime factors of y.
2, 17
Suppose 101*w - 212940 - 59659 = 0. List the prime factors of w.
2699
Suppose 0 = -0*h + 2*h + 5*g - 634, -1268 = -4*h + 4*g. List the prime factors of h.
317
Let b(f) = f**2 - 7*f - 1. Suppose 5*m - 68 - 12 = 0. Let l = 27 - m. What are the prime factors of b(l)?
43
Suppose -16 = 6*j - 10*j. Suppose 15 = -5*n, 2*n - 27 = -j*o - 5. Suppose 0 = 5*y - 2*v + o*v - 55, 4*v = -3*y + 31. What are the prime factors of y?
13
What are the prime factors of (-3194)/(-6) - 2 - 182/546?
2, 5, 53
Suppose -195*d = 3*z - 196*d - 7073, 5*d = 2*z - 4737. List the prime factors of z.
2, 19, 31
Let d be 4 + (0/2 - -101). Suppose -5*a - 30 = -d. What are the prime factors of a?
3, 5
Suppose 0 = -3*j + 920 + 250. List the prime factors of j.
2, 3, 5, 13
Suppose -627 = -6*i + 1269. What are the prime factors of i?
2, 79
Suppose 0 = -23*r + 5*r + 28026. What are the prime factors of r?
3, 173
Let n = 2 - 6. Let k(q) = -2*q - 2. Let g be k(n). Let a(j) = -j**3 + 6*j**2 + 3*j + 8. List the prime factors of a(g).
2, 13
Let j = 853 - 507. What are the prime factors of j?
2, 173
Suppose -5*c = -4*p + 770, p - c = -p + 388. Suppose -10 = 5*l, 0*l = 3*i + 3*l - p. What are the prime factors of i?
67
Suppose 9 = -f + 4*f. Suppose f*x - 258 = -0*r - 2*r, 0 = -2*x + 5*r + 191. List the prime factors of x.
2, 11
Let f(m) = 5*m**2 + 10. Let o(n) = -4*n**2 + n - 10. Let k(l) = 5*f(l) + 6*o(l). Suppose -18 = -3*a + 5*a. What are the prime factors of k(a)?
17
Let o be 9/3 - (-14)/(-2). Let h be (-57)/(-21) - o/14. Suppose -3*x - 2 = -h*q - 53, x - 2*q - 21 = 0. What are the prime factors of x?
13
Let y(h) = h**2 + 3*h - 4. Let a be y(5). Let p = 74 - a. List the prime factors of p.
2, 19
Let s(v) = 2*v**3 - 4*v**2 + 16*v - 51. List the prime factors of s(8).
5, 13
Suppose 5*u = 3*o - 739, 4*u = -43*o + 39*o + 964. List the prime factors of o.
3
Let t = 262 + -348. Let p = 1 + -3. What are the prime factors of t/(-3) - p/(-3)?
2, 7
Let j(g) be the third derivative of g**5/60 + 5*g**4/8 - 11*g**3/6 + 3*g**2. Let f be 16*-1*3/3. What are the prime factors of j(f)?
5
Suppose h + 3*s = 833, -4179 = 55*h - 60*h - s. What are the prime factors of h?
2, 11, 19
Suppose 83 = -2*t + 13. Let x = -45 - t. List the prime factors of 1734/85 + 4/x.
2, 5
Let i = -94 - -167. Suppose 0 = -3*d - 3*k + i + 38, 4*k = 0. What are the prime factors of d?
37
Let j = 8091 + -4630. List the prime factors of j.
3461
Let v(r) = 2*r**3 + 19 - 37 + 6*r**2 + 20 - 3*r**3. Suppose -3*l - 3*i = -i - 10, -20 = -2*l + 2*i. List the prime factors of v(l).
2
Let t = 255 + 406. List the prime factors of t.
661
Let y be (-246)/(-6) - (-2 + 4). What are the prime factors of 6/y - 10715/(-65)?
3, 5, 11
Let p(i) = 55*i**3 + 6*i**2 - 8*i. Suppose 0 = 7*u - 11*u - 44. Let h(x) = -18*x**3 - 2*x**2 + 3*x. Let y(s) = u*h(s) - 4*p(s). List the prime factors of y(-1).
3, 7
Suppose 0 = 4*h + u - 10641, 38*h - 40*h - 3*u = -5333. List the prime factors of h.
2659
Let z = 943 + -163. Suppose 2*r = 8*r - z. What are the prime factors of r?
2, 5, 13
Suppose 630 = -52*v + 57*v. Suppose -y + v = -5*p, -4*y - 3*p + 504 = -6*p. What are the prime factors of y?
2, 3, 7
Suppose 0 = -4*n - 5*c - 104, 2*n = -5*c - 81 + 19. Let k = -6 - n. List the prime factors of (-9)/(-6)*40/k.
2
Let a = 163 - -46. What are the prime factors of a?
11, 19
Suppose 0*m - 6 = -2*m. Suppose -m*g = c - 13, -c = -2*g + 2 - 0. What are the prime factors of c?
2
Suppose 5*k + 85 = 500. List the prime factors of k.
83
Let x(q) = 7*q + 5. Let n be x(-2). Let g = n - -48. List the prime factors of g.
3, 13
Let m(s) = -s**3 - 11*s**2 + 28*s - 12. What are the prime factors of m(-16)?
2, 5, 41
Let g(l) = -l + 12. Let v be g(9). Suppose v*c = -100 - 26. List the prime factors of 14/4*(-744)/c.
2, 31
What are the prime factors of (-7)/((-49)/(-2)) - (-72240)/49?
2, 11, 67
Suppose 2*y = -8 + 20. Let j be (-6)/(-10) + y/(-10). Suppose j = -i - 3, 3*p = 6*i - 5*i + 36. What are the prime factors of p?
11
Let p(m) = 53*m + 939. What are the prime factors of p(-15)?
2, 3
Let c(b) = 2*b + 12. Suppose 0 = -3*p - y - 5, 3*p - 5*y + 4 + 25 = 0. Let o(a) = -a - 6. Let x(d) = p*c(d) - 7*o(d). What are the prime factors of x(6)?
2, 3
Let p(m) = 30*m**2 + 2*m - 3. Let t be p(2). Let k = 3 - -2. Suppose -4 = 2*q, 4*q + 117 = k*u - t. What are the prime factors of u?
2, 23
Suppose -2*z - 12 = 3*w, -3*w + 4*z + 0*z = 12. List the prime factors of (33/w)/(2/(-8)).
3, 11
Suppose -h + 15 = 4*h. Suppose h*f - 3*n + 4*n - 26 = 0, -f - 5*n = 10. Let o = -7 + f. What are the prime factors of o?
3
Let r(z) = 328*z**2 + 7*z - 4. List the prime factors of r(1).
331
Let j = 304 + -306. Let q(b) = 2*b**3 + b**2 - 1. Let h be q(1). List the prime factors of -2 - 9/j*h.
7
Suppose o + 1 = 0, -42 = h - 5*o + 2*o. Let g = h + 88. List the prime factors of g.
43
Let a(m) = m**2 + m + 38. Let z be a(0). Suppose -8*w + 387 = -181. Let d = w - z. What are the prime factors of d?
3, 11
Suppose -3*s = -52 - 152. Suppose -s - 86 = 2*z. Let c = -54 - z. List the prime factors of c.
23
Suppose 68300 = 20*f - 25900. List the prime factors of f.
2, 3, 5, 157
Let x(r) = 2*r**2 - 13*r - 8. Let m be x(11). Let i = m + -49. List the prime factors of i.
2, 3, 7
Let x(y) = y**3 - 8*y**2 + 9*y - 9. Let a be x(7). Suppose -o = o - 6. Suppose 0 = -3*b + a*t + 75, -4*t + 40 + 35 = o*b. List the prime factors of b.
5
Let z = -73 + 113. Suppose -5*a + 3*a + 4*m + z = 0, -2*a - m = -45. List the prime factors of a.
2, 11
Let h(y) = 6*y**3 - 2*y - 4. Let w(c) = c**3 - c**2 - c - 1. Let f(r) = -h(r) + 5*w(r). List the prime factors of f(-6).
53
Let a(g) = -g**3 + 10*g**2 - 10*g + 9. Let p be a(9). Suppose q - 3*q - 6 = p. List the prime factors of 1 + 14 + q/(-1).
2, 3
Let n = -13 + 16. Suppose n*c = -3*a, -3*c = 3*a + c + 5. Suppose -2*g + a*v + 80 = 0, -5*g - 3*v + 114 = -117. What are the prime factors of g?
3, 5
Let d(h) = h**3 - 14*h**2 - 17*h - 22. Let k(t) = 2*t**3 - 29*t**2 - 35*t - 45. Let q(j) = 11*d(j) - 6*k(j). List the prime factors of q(21).
2, 5, 7
Suppose 3*u - 50 = 6*u - 2*w, 34 = -3*u - 2*w. Let g be (-2)/u + (-4825)/(-35). Suppose n = -4*r + 51, 2*n + r = 5*r + g. What are the prime factors of n?
3, 7
List the prime factors of (-8)/(-1) + -4 + 436.
2, 5, 11
Let v = 1179 - -220. List the prime factors of v.
1399
Let p(d) be the second derivative of -d**5/10 - 13*d**4/6 - 10*d**3/3 - 21*d**2/2 - d - 1. What are the prime factors of p(-13)?
239
Let g = -3 + 39. Let p = 1 - g. Let o = 69 + p. List the prime factors of o.
2, 17
Let q(y) = 0*y**2 - 2*y**2 + 3*y + 3*y**2 - 7. Let x be q(-5). Suppose 0 = 2*t - 5*p - 0*p - 25, 0 = -x*t - 5*p + 75. List the prime factors of t.
2, 5
Suppose 5*p - 4*t = -34, -p + 0*p = -5*t + 11. Let m = 18 + -42. What are the prime factors of (10/p)/(1/m)?
2, 5
Let l = 12 - 9. Suppose -3*g + 12 + l = 0. Suppose 0 = -2*a - g*c + 37, -2*a + 3*c + 109 = 32. What are the prime factors of a?
31
Suppose -57 = 3*i - 4*x - 225, -i + 2*x = -54. Let y be 352/i + (-2)/(-15). List the prime factors of 4/6 - (-86)/y.
3, 5
Suppose -252 = 4*l - 2*l. Let r be 318/9*l/6. List the prime factors of 10/(-45) + r/(-18).
41
Let o be (((-3078)/24)/(-9))/((-3)/(-4)). Suppose 3*v - o = 77. List the prime factors of v.
2
Suppose 3*m - 2292 = 3*y, y = 5*m - 0*m - 3836. What are the prime factors of m?
2, 3
Let w = -551 - -827. Let m = 585 - w. What are the prime factors of m?
3, 103
Suppose 4*d - k + 3*k - 4166 = 0, -4154 = -4*d + 2*k. List the prime factors of d.
